-13 + 21 + 1 + -25?
-20
Evaluate -2 - (-3 - 6 - (60 - 66)).
1
Evaluate -22 - (1 + -39 + 43).
-27
Calculate -2 + 26 + (92 - 33) + 1.
84
What is 15 - -141 - (-477 - -576)?
57
-67 - ((7 - -1) + (-341 - -328) - -5)
-67
What is the value of -56 + (-44 - -120) + 96 + 10 + 1?
127
Calculate 5 - 25 - (-17 + -4 + 17 - 119).
103
91 - 82 - (49 + -2) - 18
-56
Calculate -1 - 49 - (22 + (21 - (49 - 6))).
-50
2 - (-20 + 44 - (101 - 17))
62
What is the value of -2 + 1 + (51 - 59 - -27)?
18
What is the value of (52 - -7) + -402 + 288?
-55
What is the value of 1 - -10 - (7 + -15 + 68 - 20)?
-29
Evaluate (-7 - (-61 + 37 - -62)) + 46.
1
What is 10 - (-12 - (-35 - 3) - (-1 + 16))?
-1
Evaluate (6 - 54) + (-309 - -391).
34
What is the value of 10 + (-121 - -127) + 2 + 1?
19
Calculate (-26 - -4) + (224 - 161) + -41.
0
Evaluate (1 + 1 - (197 - 210) - -73) + -18.
70
Calculate 51 - (-68 + (43 - -17)).
59
Calculate (-140 - -124) + 47 + -12 + 10.
29
Evaluate (-25 - -13) + -6 - 21.
-39
What is (-10 - (-41 - -25) - 29) + 19?
-4
What is 80 + -73 + -37 + (-5 - -1)?
-34
Calculate -3 - 0 - (-801 - -862 - (-2 + -13)).
-79
Calculate -1 + -22 - (-1555 - -1536).
-4
What is the value of (-8 + 10 + -2 + -5 - 39) + 6 + 7?
-31
(2 - 0) + -10 + (38 - (112 + -122))
40
6 + -16 + (-11 - (8 - 4) - -15)
-10
What is -8 + (9 - (11 + -6) - (-1 + -4)) + -8?
-7
39 + -55 + 12 - -20
16
What is the value of 1 - -3 - -4 - (-1100 - -1166)?
-58
What is (-76 + 56 - -18) + (24 - 1)?
21
Calculate -17 + (-18 - (-13 - 25)) + 3 + -34 + 1.
-27
-41 - (5 - (20 + 120))
94
-17 + (19 + 3 + -21 - -12) - -123
119
What is 11 + (84 - 161 - (2 - 18 - -3))?
-53
What is 1 + -2 + (-22 - (-3 + 13 + -6))?
-27
(-1 - -1) + 66 + (61 - (-9 + (10 - -53)))
73
179 + -207 + -1 + -17 + -39
-85
Calculate (-72 - -76) + (-21 + -4 - (-4 + -1)).
-16
What is the value of 60 + (-124 - (-112 - -14))?
34
-8 + 2 + 0 - ((-23 - -40) + -66 - -20)
23
2 + 3 + 0 + (-87 - -59) + -6
-29
Evaluate 20 + -97 + 40 - -30.
-7
7 - ((-24 - 0) + (-324 - -327))
28
What is (-42 - -48 - -30) + 4?
40
What is the value of (-41 - 3) + (-55 - -116 - 51)?
-34
Calculate (-1 - 105 - 0) + 20073 + -20051.
-84
Calculate 23 + (48 + 1 - (-51 + 73)).
50
Evaluate -13 + 21 - (12 - (-19 + -27)).
-50
Calculate 13 + (-17 - (-10 - -5)) + -62 + 18.
-43
-59 - (0 + -2 + (-6 - ((19 - 4) + -12)))
-48
Evaluate -6 - ((-1 - -23) + -15) - (-5 - -95).
-103
What is the value of (-37 - 56 - -112) + (23 - 0)?
42
245 - (-9 + 93) - 75
86
Calculate -2 + -6 + (-640 + 701 - (-18 - (0 - 0))).
71
Calculate 28 - (-46 + 26 + 9).
39
What is the value of -1 + 14 + -46 + 6 + 37 + -4 - -124?
130
36 + -66 - -12 - -31
13
Evaluate 15 - (-13 - (25 + -31) - -31).
-9
Evaluate 20 + -56 + (-3 - -17).
-22
22 - ((-2 - (-35 + 31)) + 40)
-20
What is the value of 45 - ((15 - 10) + -2) - (-4 + 2)?
44
Calculate -35 + (33 - 6 - 46) + 2.
-52
(314 + -227 - 84) + (-2 - 129 - -1)
-127
What is -1521 + 1395 + (-9 - (-3 + 3)) + -4 + 5?
-134
Calculate 44 + (5 - (10 - 10)) + -5.
44
Calculate 1 + -3 - (-15 + -15 - (-74 + 27)).
-19
(-122 - -40) + 161 - 88
-9
Calculate 41 + 1 - (-4 - -13) - (-15 - 0).
48
What is (-175 - (9 + -23)) + (18 - -1) + 1?
-141
Evaluate 10 + (-11 - -6) + 0 + 14 + -14.
5
Evaluate (-1 - (-1 + (6 - (8 + -1) - 5))) + 12.
18
Calculate 5 + -8 + 129 + -60.
66
What is 52 - (-8 + 9 + 2) - (12 - (-1 - -4))?
40
(-40 - -4) + 39 - -9
12
Evaluate (-1 - (1 - 12)) + (-4 - (30 - (6 - -21))).
3
Evaluate -90 + 16 + -30 + 6 + 3 + 6.
-89
What is (26 - 31 - -13) + (0 - 1) + -57 + 106?
56
Evaluate (166 - 34) + -8 + (2 - 9 - -1).
118
7 + (-28 - -30) + -27 + (0 - -2) + 7
-9
What is -44 - (-25 + 98 - 61 - ((21 - -2) + 1))?
-32
-84 + (436 - 247) + (0 - (4 - -2))
99
Evaluate -144 - (-39 - 52 - -32).
-85
Calculate -42 + (-2 - -114 - (74 + -82)).
78
What is the value of (15 - 18 - 0) + -15 + -6?
-24
What is the value of -31 - (-53 - 11 - -30)?
3
Calculate -47 + (42 - (-45 + 47)).
-7
Evaluate 286 + -366 + 101 - (-1 - 42).
64
What is the value of (19 + -54 - -11) + 37?
13
Evaluate 18 - 3 - (-160 + -77 + 128).
124
What is 66 + 2 - (-6 - -3) - (-1 - -103 - 108)?
77
-134 + (-64 - (54 - 103) - (-25 - -4))
-128
8 - (2 + (-9 - (-71 + 73 + (-1 - 63))))
-47
What is 0 - -14 - 0 - (392 - 175 - 212)?
9
What is the value of -6 + (-13 - (1 - -29)) + (2 + 1 - -2)?
-44
Calculate -47 + 45 + 4 + 5 + 8.
15
Calculate 5 - ((-65 - 10 - -57) + (0 - -109)).
-86
What is 22 - (-13 - -11 - -33) - (33 - -1)?
-43
What is (-28 - (-37 - 2)) + (-10 - 1) + 2 + -34?
-32
What is 1 + -48 + 153 + -84?
22
Evaluate 173 + -166 + (6 - -46).
59
Evaluate 77 + -105 + (1 - -14) - 19.
-32
Calculate (-20 - 17 - -15) + 55 + -10.
23
What is the value of (76 - 76) + (7 - 8 - -7 - 122) - -6?
-110
Calculate 16 + -20 + 20 + (-25 - -21) + 105.
117
What is the value of -54 + 76 - -33 - 20?
35
Evaluate (59 - 30 - 83) + 8.
-46
Calculate 86 + (167 + -166 - (14 + -5)).
78
What is the value of (-110 - 1) + (2840 - 2680)?
49
Calculate -60 - 1 - (-265 + 257).
-53
Evaluate 5 + (-96 - -163) + -31.
41
What is the value of 19 + -36 + (37 - 17)?
3
(2 - 1) + 86 + 3 + 0 + (-308 - -296)
78
What is the value of 3 - (19 - (54 + -89))?
-51
1 + -1 + 6 - (-31 + 157 - 56) - -9
-55
Calculate ((-1 - 0) + -9 - (3939 + -3949)) + -11 + 5.
-6
Calculate -37 + (1 - -20 - 8).
-24
Calculate 102 + (50 - (123 + 64)).
-35
What is the value of -1 - 6 - -2 - (-194 + 74 - -166)?
-51
Evaluate 3 - 93 - (45 - 17) - -29.
-89
-18 + 1 + (22 - -47) - (1 + -1 - 8)
60
-128 + -22 + (-830 - -831)
-149
-9 - ((-8 + (-29 - -32) - (1 - 5)) + -1)
-7
What is 19 - (1 + -15 - (-4 - 4))?
25
(1 - (5 + 0 + 6 + 50)) + 2
-58
What is the value of 33 + -27 + -14 + 37 + 3?
32
What is -170 - -192 - (72 - (0 - 4))?
-54
What is (453 - 442) + (1 - 9) - (2 - -51)?
-50
What is the value of 3 - (3 - -57) - (-7 - 10) - -2?
-38
What is the value of 74 + (37 - 94) + 21?
38
-6 + 31 + -9 - (-7 - (3 - 11))
15
What is (-61 - -4 - -100) + 4 + -1?
46
What is -62 - (74 + (-150 - 19))?
33
(7 - 2) + -170 + 146
-19
Calculate 1 + 15 + (-282 - -96 - -156).
-14
What is 117 + (-111 - (-121 + 182))?
-55
Evaluate -1575 + 1579 - (45 + 2).
-43
Evaluate (-1 + 172 - 10) + (12 - 50) + 14.
137
Evaluate -5 + 4 + 9 - (-41 + 101 + 46).
-98
Calculate 37 - (-70 - -118) - 37.
-48
Calculate -8 + -85 - (-12 + 14 + -17 + 5 + 4).
-87
What is the value of (-21 - 19 - -30) + (-7 - -24)?
7
What is -19 + 89 + (-48 - 7)?
15
8 + (-20 - 21 - (-3 + -1 + -4)) - 9
-34
Calculate 119 + -84 + -40 - 57.
-62
Calculate -101 + -57 + 168 - (1 - -17).
-8
What is -1 + 2 + 19 + -2395 + 2391?
16
Evaluate -11 + -3 + (2 - 2) + -230 + -26 + 198.
-72
Calculate 10 + -7 + 2 + 1 - (-6 + 1 + -14).
25
-10 + 3 + 7 + (28 - 25) - (90 - 8)
-79
What is (12 - (1 - (-16 - -11))) + (-5 - (1 + 14))?
-14
What is 24 - 6 - (4 + (10 - -45))?
-41
(-40 - 42) + 54 + (-4 - 28)
-60
(-90 - -339) + -183 + (1 - (5 - (2 + -2)))
62
Evaluate 27 - (-8 - -15) - 2 - 4.
14
What is -47 + (-11 + -4 - (-39 + 39))?
-62
What is the value of 6 + -75 + 83 + -65?
-51
What is (32 - -97) + -135 + -2 + (3 - 1 - 1)?
-7
What is (16 - (7 + 15 + -20)) + 33?
47
What is the value of -27 + -17 + 28 + 33 + -17?
0
-49 - (18 + 0 - 47)
-20
13 + -4 + 1 - ((-28 - 8) + 55)
-9
What is -6 - (7 - (-24 - (23 + -34) - -11))?
-15
Calculate 25 - 50 - (115 + -146) - (0 - (-85 + -1)).
-80
What is the value of -116 - (-26 - (-17 - 10 - -16)) - 14?
-115
Calculate -41 + 7 + -42 + 95.
19
Calculate (-22 - -5) + 6 - (-4 - -64) - -4.
-67
Calculate -6 - -5 - (9 - 4) - -3 - (34 + 10).
-47
What is the value of 51 - ((6 - (-4 - -4)) + -9 + 9 - 4)?
49
Evaluate (123 - (47 - -71)) + -1 + -16.
-12
Calculate 32 + (-1 + 11 - (0 + (28 - 6))).
20
What is the value of 18 + -23 - (8 - -42)?
-55
Calculate 2 + 29 - (91 + -132 + 11 + -13 + 27).
47
Evaluate (-12 - ((15 - 28) + -9) - 2) + 2.
10
51 - (-27 - -23) - (-2 - -10)
47
Evaluate 2 + -5 + 8 - (-29 + 40) - (-87 - -14).
67
What is the value of (-10 - (29 + 12)) + 50?
-1
Evaluate 19 + (27 - 25 - (8 - -9)).
4
Evaluate 17 + -14 + 0 + (-11 - -3) + 15.
10
What is the value of -94 + (-29 - (-70 - 45))?
-8
What is the value of -415 - -445 - (-17 - -3)?
44
71 - ((-12 - -44) + 8 - 38)
69
What is the value of -20 - (-46 + 16 + 27) - (-2 + (3 - -2))?
-20
30 + (-8 - (22 - -8)) - (-3 - (3 - -3))
1
Evaluate (-1729 - -1679) + -1 + 35.
-16
What is the value of 1 + -1 - -9 -